- 15 = 2*d. Suppose -3 = d*l - 0. Is 9 a factor of -20*(l - 1/(-5))?
False
Suppose 4*r = 3 + 1. Let v = 0 + r. Is (5 - -39)*v/2 a multiple of 11?
True
Let r be 20/8 + (-2)/4. Let z(h) = 6*h**r + 1 + 3*h - 2*h**2 - h - 3*h**2. Is z(-5) a multiple of 8?
True
Suppose 5*g = 122 - 477. Let m = g - -107. Let q = -11 + m. Is q a multiple of 10?
False
Let y = -355 + 671. Does 15 divide y?
False
Let a(b) be the third derivative of b**7/560 - b**6/720 + b**5/30 + b**2. Let d(t) be the third derivative of a(t). Does 9 divide d(2)?
False
Let j(v) = -3*v**2 - v + 2. Let l be j(-2). Let o be ((-2)/4)/(1/l). Is 45/4 + (-1)/o a multiple of 5?
False
Let x(p) = -p**2 - 8*p + 4. Let u be x(-11). Let d = u - -48. Is 9 a factor of d?
False
Let h = 3 - -1. Suppose 2*z = -4*j + 91 + 35, 3*z + 121 = h*j. Suppose -t = 4*l - 64, 3*t + 2*t - j = -3*l. Is 9 a factor of l?
False
Let i(b) = 2*b**3 - 9*b**2 + 10*b - 45. Is 22 a factor of i(7)?
False
Suppose -5*j = -84 + 19. Let t = j + -9. Suppose -4*b = -12 - t. Does 3 divide b?
False
Let y(s) = 2*s - 2. Let w be y(2). Suppose 5*h - 80 = -5*p, 29 = 4*p + w*h - 35. Suppose 20 = 2*t - p. Is 11 a factor of t?
False
Does 14 divide 8/(-14) + (-690)/(-7)?
True
Let b(h) = -3*h + 2. Suppose 2*o + 4 = -8. Does 10 divide b(o)?
True
Suppose -185 = -a + 4*j, 2*j = 2*a + 3*a - 835. Let l = a + -114. Is l a multiple of 17?
True
Let v(q) = -q**2 - 6*q - 5. Let n be v(-6). Let x(l) = 3*l**2 + 6*l + 7. Is x(n) a multiple of 26?
True
Suppose -4*f - 14 = -2*i - 0, 0 = 3*i - f - 31. Is 11 a factor of i?
True
Suppose -4*a = -4*x + 324, 2*a + 22 - 240 = -3*x. Let t = x + -109. Is t/(-6) - (-2)/4 a multiple of 6?
True
Suppose 0 = d - 68 - 15. Does 22 divide d?
False
Let h be (2 - -1)*1 - -2. Suppose 0 = h*j - 2*j + 5*t - 22, -3*j = t - 38. Does 10 divide j?
False
Suppose 2*m = 5*p + 1, 0*p - p = -4*m + 11. Suppose w = -m*h + 8, -w + 6 = -0*w + 2*h. Suppose 0 = a + 5*f - 60, a - w*a = 3*f - 52. Does 11 divide a?
False
Let p = 17 + -8. Is p a multiple of 9?
True
Let w(a) = 17*a**2 + 4*a**2 + a - 1 + 0. Does 21 divide w(1)?
True
Let o(i) = 5*i**2 + 15*i - 6. Is o(-7) a multiple of 49?
False
Let b(x) = 4*x**2 + x + 3. Is b(3) a multiple of 14?
True
Let n(f) = 2*f + 3. Let r be n(-3). Let c = -3 - r. Suppose 3*h - 4*h + y + 15 = c, 4*y - 12 = 0. Does 12 divide h?
False
Let p be (1 - 0) + (-6)/(-2). Is ((-74)/3)/(p/(-6)) a multiple of 21?
False
Let l(g) = 65*g**3 + g**2. Let t be l(1). Suppose t + 274 = 2*j. Suppose 10*q = 5*q + 5*k + j, -102 = -3*q + 2*k. Is q a multiple of 17?
True
Suppose 4*v = -3*r + 42, -2*v + 3*r = -0*r - 12. Let n = 47 - 13. Suppose -o + v = -n. Is o a multiple of 18?
False
Let r(j) = j - 2. Does 6 divide r(8)?
True
Let y(l) = 2*l**3 - 4*l**2 - 10*l + 17. Is 13 a factor of y(5)?
True
Let z(w) = 74*w - 2. Suppose -3*j + 3 + 0 = 0. Does 12 divide z(j)?
True
Let v(s) = -s**2 + 3*s + 3. Let d be v(3). Let r be 76 + (2 - (0 - 2)). Suppose d*a + r = 5*u, 3*u + 2*a = 6*a + 59. Does 13 divide u?
True
Let t(f) = 4*f**2 + 2*f - 3. Let i be t(2). Let m be 0 + i + 2/(-1). Is 6/m - (-234)/15 a multiple of 10?
False
Let b = 5 - -7. Let l = 20 - b. Is l + -3 + -2 + 2 even?
False
Suppose h + 5*g + 575 = 5*h, -4*h - 2*g = -610. Is 12 a factor of ((-4)/(-6))/(4/h)?
False
Let p be (4/(-8))/((-3)/(-12)). Is 22 a factor of (-2)/p - (-6 + -41)?
False
Suppose -n = 7*w - 2*w - 96, 0 = -3*w. Is n a multiple of 32?
True
Let h = 3 + 32. Suppose 0 = -3*i + t - 4*t + 27, 3*i - t = h. Let g = i - -23. Does 15 divide g?
False
Let g = -4 + 4. Suppose g = 5*y - y - 108. Does 14 divide y?
False
Let n = 8 + 22. Is 8 a factor of n?
False
Let z(q) = q**3 - 8*q**2 + 6*q - 6. Suppose 0 = 2*d - 6. Suppose 4*r - r = 3*n - 33, 4*n - 23 = -d*r. Is 14 a factor of z(n)?
True
Let d(u) = 1. Let z(v) = 9*v**2 - 3*v - 4. Let g(q) = 8*q**2 - 2*q - 5. Let p(s) = -5*g(s) + 4*z(s). Let j(h) = 5*d(h) - p(h). Is 20 a factor of j(3)?
False
Suppose -44 - 16 = -3*x. Suppose 4*h = -28 - x. Does 15 divide 32/h*(1 - 10)?
False
Suppose 2*g - 3*t = 19 + 221, -4*t = 0. Does 18 divide g?
False
Let p = 96 + -75. Is 2 a factor of p?
False
Suppose -2*v - 1 + 3 = 0. Let d(i) = -i**2 + i - 1. Let b(t) = 9*t**2 - 6*t + 4. Let o(s) = v*b(s) + 3*d(s). Is 10 a factor of o(2)?
False
Let u(d) = 10*d**2 - 4*d**2 + 8*d**2 + d - 1. Let l be u(1). Suppose -o = o - l. Does 4 divide o?
False
Let a be (-1)/1*1/(-2)*12. Let c = 35 - 14. Suppose -i + a = -c. Is 9 a factor of i?
True
Suppose 2 - 22 = -4*b. Suppose -6*f - 2 = -b*f. Does 4 divide 21*(f/(-3))/2?
False
Let l = 5 - 1. Let q(z) = 0*z + 2*z - 7 + l*z**2 - 10*z**2 + z**3. Is 5 a factor of q(6)?
True
Let t be 2*(-2)/4 + 5. Let j = t - 0. Suppose 3*r = -j + 22. Does 4 divide r?
False
Let n = 16 - 13. Suppose -2*o + 89 = -0*o - n*y, -151 = -4*o - 3*y. Does 10 divide o?
True
Suppose -6*g + 514 - 52 = 0. Does 7 divide g?
True
Let j = 343 - 148. Is j a multiple of 15?
True
Is 7668/60 + ((-4)/5 - -1) a multiple of 32?
True
Suppose 4*c = -3*s + 180, -2*s = -0*s - 5*c - 120. Does 12 divide s?
True
Suppose -5 + 25 = -2*m. Does 20 divide (-10)/50 + (-352)/m?
False
Let m = 2 - -2. Suppose -4*y - 12 = -y. Is 9 a factor of 2/y - (-74)/m?
True
Is 16 a factor of (-1 - (-3)/9)*-57?
False
Let f = 264 - 82. Does 14 divide f?
True
Let x be 2/((6/(-4))/3). Let s(z) = -z**3 - 9*z**2 + 10*z - 1. Let k be s(-10). Is 16 a factor of (k - -12)*-1*x?
False
Let i(b) = 6*b**3 - 7*b**2 - 6*b + 12. Let j(h) = h**3 - h + 1. Let v(o) = -i(o) + 5*j(o). Let d be v(7). Suppose d = -0*c - 4*c + 100. Is 9 a factor of c?
False
Let a(n) = 4*n**2 + 5*n - 2. Let u be a(-4). Is 15 a factor of u + -2 + 5 - 0?
True
Suppose -s = 4*o - 14, -5*o = -s - 3*s - 28. Suppose -o*v = 3*d + 109, 5*d - 23 + 162 = 4*v. Let r = 56 + d. Is r a multiple of 16?
False
Let o(m) be the third derivative of 1/12*m**4 + 0*m + 1/60*m**5 - 1/6*m**3 + 3*m**2 + 0. Is o(3) a multiple of 5?
False
Suppose -2*x - 1 = -21. Let i = 11 + -7. Is 5 a factor of i/(-6)*(-75)/x?
True
Let z = 16 + 12. Let d = -134 - -190. Let j = d - z. Does 14 divide j?
True
Let g(f) = -2*f + 1. Let n be g(-7). Let t = n - 8. Is t a multiple of 7?
True
Suppose 3*a - 315 = -5*u - 2*a, -5*u - a + 299 = 0. Suppose j - 3*g = 3 + 5, -5*j = 4*g - u. Is 11 a factor of j?
True
Let n(y) = -y + 3. Suppose 3*u + 2*j = 81 - 27, 2*u - 49 = 3*j. Suppose -5*m = -3*m + 2*l + u, -24 = 2*m + 3*l. Is n(m) a multiple of 3?
True
Is -6*-1*(-44)/(-2) a multiple of 38?
False
Suppose 6*v = 4*a + 2*v - 128, v + 100 = 3*a. Let t = 49 - a. Is t a multiple of 15?
True
Suppose j - 4 = -0*j. Suppose 48 = j*l - 0*l. Is 4 a factor of l?
True
Suppose 4*y + 10*w = 5*w + 221, -w = 3*y - 174. Is y a multiple of 7?
False
Suppose 0 = -4*m + 373 - 1. Is m a multiple of 31?
True
Suppose 3*t - 551 = 409. Is t a multiple of 40?
True
Suppose 2*c + 3*s + 16 = s, -4*s - 40 = 5*c. Let i = c - -43. Is 12 a factor of i?
False
Let x(g) be the first derivative of g**3/3 - g - 2. Let z be x(6). Let w = z + -17. Is 11 a factor of w?
False
Let g = -27 + 139. Is 19 a factor of g?
False
Let k(a) = 74*a + 2. Let p be k(2). Suppose 3*i - p = 36. Is 13 a factor of i?
False
Suppose -7*o + 8*o = 24. Is 8 a factor of o?
True
Let p be 3/(1*3/(-10)). Let y(i) = -2*i - 3. Does 5 divide y(p)?
False
Let r = 22 + -2. Let z = r + -8. Is 8 a factor of z?
False
Suppose -4*r - 1 = -4*n + 291, 0 = 3*n + 3*r - 213. Let x(b) = 2*b**2 + 1. Let a be x(-1). Suppose a*j = -j + n. Does 9 divide j?
True
Let i(s) = s**2 - 4*s + 5. Is i(6) a multiple of 13?
False
Let r(l) = l**2 + 3*l + 4. Let h be r(-4). Let g be 12/((-1)/(h/(-3))). Suppose q - g = -q. Is 16 a factor of q?
True
Suppose 5*h = 5*j + 615, 5*j = -h + 3*j + 114. Is 8 a factor of h?
True
Suppose -2*g - 145 = -7*g. Let x = g + 0. Is x a multiple of 17?
False
Let h(z) = 1 - 125*z + 1 + 143*z. Is h(3) a multiple of 14?
True
Let h(s) = -2*s**3 + 4*s. Does 6 divide h(-3)?
True
Let n = -42 + 82. Suppose v + n = 3*v. Does 13 divide v?
False
Let r be (-6)/(3/(-1)) - 10. Let q = 1 - r. Suppose -q + 77 = 4*y. Is y a multiple of 17?
True
Suppose 0*f + 3*f - 12 = 0. Let c(z) = z**3 - 2*z**2 + 7*z - 6. Does 15 divide c(f)?
False
Suppose u + 4 = -4*p, 2*p + 4 = 2. Suppose 2*w - 34 = -u*w. Is w a multiple of 6?
False
Let i be 2/4 - 186/(-4). Let c be 1*(-1 - -3) + 27. Let o = i - c.